+ 4*w - 132, -2*w = 2*a - c - 5. What are the prime factors of a?
2, 7
Let q be (6/(-7))/((-9)/(-63)). Let w be (1 + 2)*(-10)/q. Suppose w*a - 5*v - 71 - 14 = 0, -3*a = -5*v - 51. List the prime factors of a.
17
Let t = 457 - 287. What are the prime factors of t?
2, 5, 17
Let y(i) = i**3 + 18*i**2 + 11*i + 14. List the prime factors of y(-16).
2, 5, 7
Suppose 79 = 5*h - 931. List the prime factors of h.
2, 101
List the prime factors of (-3)/(-12) + (-5615)/(-4).
2, 3, 13
Let z = 270 + -186. Suppose -5*t + 2*t = -z. What are the prime factors of t?
2, 7
Suppose 1001 = 5*s + 71. What are the prime factors of s?
2, 3, 31
Suppose 0 = -g - 4, -10 = -4*d + 2*d + g. Suppose 0 = -d*c - 5*y + 3*y + 259, -5*c + 395 = -4*y. List the prime factors of c.
83
Let j = 179 - 56. Suppose -j = 4*u - 43. List the prime factors of -3 - (u - (-8)/(-4)).
19
Suppose -3*h + 9 = 2*z - 5, -3*z = 15. Suppose -h*o + 216 = -5*o. Suppose -3*y + 141 + o = 0. What are the prime factors of y?
71
What are the prime factors of (3149/(-2))/(12*1/(-24))?
47, 67
Let z = -36 - -36. Suppose z = 5*f - 5*d - 190, d = -4*f + 87 + 75. What are the prime factors of f?
2, 5
Let m(s) = s**2 + 6*s + 67. What are the prime factors of m(-17)?
2, 127
Let i = -3364 - -5913. What are the prime factors of i?
2549
Let l = -20 + 20. Suppose l*v = 3*v - 216. What are the prime factors of v?
2, 3
List the prime factors of (-24)/56 - (1 - 146094/42).
3, 19, 61
Suppose -4*l + 3*t + 10029 = 0, 5*l + 2*t = -115 + 12680. List the prime factors of l.
3, 31
Let r be 2 - (-68 + 1) - -2. Let l = 0 + r. What are the prime factors of l?
71
Suppose -4*r + i + 298 = -0*i, 3*r - 229 = -2*i. Suppose -m = 4*m - r. Suppose -5*o = -10*o + m. List the prime factors of o.
3
Let a(n) = -139*n**3 - n**2 + 10*n + 18. What are the prime factors of a(-2)?
2, 7, 79
List the prime factors of (-1)/(-5) + 16420/25.
3, 73
Let u(w) = 297*w**2 - 2*w. What are the prime factors of u(1)?
5, 59
Let y(m) = -2*m**3 + 5*m**2 - 4*m. Let p be y(3). Let x = 11 + p. What are the prime factors of (-412)/x + 10/(-50)?
41
Suppose x - 157 = 2*m - 616, -450 = -2*m - 2*x. List the prime factors of 4 - (-2 + (1 - m)).
233
Suppose 2*i - 13 = -5*t, -4*i - 2 = 2. Suppose 0 = 2*o - 3*u - 47, 4*u - 44 = -7*o + t*o. Let x = o + -12. What are the prime factors of x?
2
Let o = -23 - -26. Suppose 0 = -a + o*h + 46, 4*h - 48 = -2*a - h. What are the prime factors of a?
2, 17
Let z be ((-6)/2)/(6/(-18)). Let q = -7 + z. What are the prime factors of q + 1 + 0 - -35?
2, 19
Let b(r) = 32*r - 19. Let g be b(2). List the prime factors of ((-1095)/g + -4 + 1)*-6.
2, 41
Let u(r) be the second derivative of -r**4/12 - 3*r**3/2 - 15*r**2/2 - r. What are the prime factors of u(-6)?
3
Suppose 0 = 4*k - 5 + 1. List the prime factors of (86 - (-4 + 8))*k.
2, 41
Suppose 4 + 0 = r. Suppose h = 5 - r. What are the prime factors of (0/h - -1)*14?
2, 7
Let d = -28 + 88. List the prime factors of d.
2, 3, 5
Let q = -4 - -20. Suppose -2*v = -3*v - 8. Let t = q + v. What are the prime factors of t?
2
Suppose -2*l - 2632 = -3*n, -2*n = 4*l - 3*l - 1764. What are the prime factors of n?
2, 5, 11
Let s = 11 + -8. Suppose 30 = -s*c + 6*c. Suppose -c*h = -6*h - 28. What are the prime factors of h?
7
Suppose 0 = -13*c + 29*c - 38864. What are the prime factors of c?
7, 347
Let q(p) = 6*p - 2. Let z(t) = -t**2 + 7*t + 10. Let m be z(8). Let g be q(m). Let o = g - -13. List the prime factors of o.
23
Let g = 22 - 21. Let p be 4*(g + 4/(-8)). Suppose 0 = p*k - 35 - 15. List the prime factors of k.
5
Suppose 0 = -244*h + 240*h + 2340. What are the prime factors of h?
3, 5, 13
Suppose -x + 2*k + 192 = -167, 1089 = 3*x - 3*k. List the prime factors of x.
367
Let u = 13 + -3. Suppose 26*p = 21*p + u. Suppose p*z + 34 + 54 = 2*x, 3*z - 52 = -x. List the prime factors of x.
2, 23
Let a = 212 - -135. Suppose -a = 2*b - 67. Let z = b + 197. What are the prime factors of z?
3, 19
What are the prime factors of (386/(-1))/(-2) - -7?
2, 5
Let u(k) = -k**2 + 11. Let o be u(0). Let m(j) = -6 + 44*j**2 - 43*j**2 - 8*j - 3. List the prime factors of m(o).
2, 3
Let f be -109 + ((-6)/4)/(14/28). What are the prime factors of (-18848)/f + (-4)/14?
2, 3, 7
Suppose 0 = 2*g - 2*i - 10, -3*g + 2*g - 5*i - 7 = 0. Suppose g*j = 4*j - 67. What are the prime factors of j?
67
Let o = -905 + 1423. List the prime factors of o.
2, 7, 37
Let g be 512 - 0/2 - 1. Let q = g + -218. List the prime factors of q.
293
Suppose -3*l + 5*l = 5*l. Suppose l = 4*y - 11 - 49. What are the prime factors of y?
3, 5
Let d = 497 + 36. List the prime factors of d.
13, 41
Let t = 21 + -11. Let c = -18 + t. List the prime factors of 36/c*22/(-3).
3, 11
List the prime factors of ((-4)/5)/2 - 24684/(-110).
2, 7
Suppose -3*b + s + 371 + 158 = 0, 5*b - 4*s - 884 = 0. List the prime factors of b.
2, 11
Suppose 7*u - 14544 = -2*u. List the prime factors of u.
2, 101
List the prime factors of (-4476)/(-9) - 20/60.
7, 71
Let r(i) = -114*i - 3. Let x be r(-1). What are the prime factors of (2 - 6/2) + x?
2, 5, 11
Suppose 2*m - 7*m + b = -951, 5*m = 4*b + 954. List the prime factors of m.
2, 5, 19
Let w(y) = 17 + 53*y + 51*y - 24. Let a be w(3). Suppose 101 + a = 7*m. What are the prime factors of m?
2, 29
Suppose 3*l = -4*m - l, 30 = m - 5*l. Let r = 10 - m. Let v = r - -60. What are the prime factors of v?
5, 13
Suppose 50*n - 42*n = 1712. List the prime factors of n.
2, 107
Suppose -3*f + d + 4313 = 0, 1896 + 968 = 2*f + 5*d. List the prime factors of f.
3, 479
Suppose -5*o = -3*o - 6. Suppose 0 = 5*c + k - 886, -o*c + k - 6*k = -536. What are the prime factors of c?
3, 59
Let x(c) = -31*c**3 + 3*c**2 + 3*c - 1. Let s be x(-1). List the prime factors of (s/(-8))/(15/(-100)).
5
Suppose 37*s - 3870 = 28*s. List the prime factors of s.
2, 5, 43
Suppose 9*m = 4*m + 10. Suppose 35 = -m*q + 189. List the prime factors of q.
7, 11
Let c be 2*3/12*-74. Let s = -16 + -10. Let l = s - c. List the prime factors of l.
11
Let m = 9 + 1. Let z(p) = 6*p + 22. Let q be z(m). Suppose 0 = -0*w - 2*w + 3*x + 77, 2*w - 2*x - q = 0. What are the prime factors of w?
2, 23
Let b(g) = -1086*g + 88. List the prime factors of b(-2).
2, 5, 113
Let y(o) = 4*o + 42. Let v be 8/10 + (-8)/10. What are the prime factors of y(v)?
2, 3, 7
Let i = -3684 + 5233. List the prime factors of i.
1549
Suppose 2*n = n + 151. Suppose -n*x + 65 = -150*x. List the prime factors of x.
5, 13
Suppose m + 3*t - 6*t - 1 = 0, 2*m + t - 16 = 0. Suppose -a - 4*o + 11 = 0, 4*a - 130 = 3*o - 29. Let p = a - m. List the prime factors of p.
2
Suppose 0 = -2*m + 3 + 5. What are the prime factors of (-105)/(-2) - 2/m?
2, 13
Suppose -5*h = -2*h + 2*x - 974, -x = h - 324. List the prime factors of h.
2, 163
Suppose -2145 = -8*i + 1087. What are the prime factors of i?
2, 101
Let i(l) = l**3 - 8*l**2 + l - 4. Let m = 13 + -5. Let a be i(m). Suppose a*y - 5 - 11 = 0. What are the prime factors of y?
2
Let r be (-20)/25 - (-172)/(-40)*-6. Suppose -b + 44 = 3*j, -2*b + 9 = j - 14. Let t = r - j. What are the prime factors of t?
2, 3
Let d(u) be the third derivative of -u**2 + 0*u**4 + 0*u - 1/3*u**3 + 0 + 1/60*u**5. List the prime factors of d(-2).
2
Let x(h) = -2*h**3 - 4*h**2 - 4*h - 3. Let g = 30 - 32. What are the prime factors of x(g)?
5
Suppose -34*u + 40*u = 3984. What are the prime factors of u?
2, 83
Let z(c) be the first derivative of c**4/12 - 5*c**3/6 - 2*c**2 - 3*c - 2. Let d(m) be the first derivative of z(m). List the prime factors of d(11).
2, 31
Let p = -542 - -1069. List the prime factors of p.
17, 31
Suppose -3*v + 3*t + 4216 = 646, 5929 = 5*v + 2*t. What are the prime factors of v?
1187
Suppose -20*m + 3*k = -15*m - 1802, 4*m - k - 1443 = 0. What are the prime factors of m?
19
Let k(o) = -22*o - 10. List the prime factors of k(-22).
2, 3, 79
Suppose -a + 2 + 50 = 3*k, k - 2*a - 15 = 0. Let y = 13 + k. What are the prime factors of y?
2, 3, 5
Let m(i) = 18*i**2 - 7*i + 82. List the prime factors of m(10).
2, 3, 151
Suppose -11865 = -4*x + 4*w - 5*w, 3*w = -4*x + 11867. What are the prime factors of x?
2, 1483
Let f be -1*(2 + 2 - 4). Suppose 5*n - z - 365 = f, 4*n + 4*z = -0*z + 268. What are the prime factors of n?
2, 3
Let h = 38 + -14. Suppose -2*u - 4*a - h = -0*a, 2*a - 6 = 2*u. Let